8 - -12. Suppose -16 = b*v - 4. Let y(n) = n**2 + 4*n + 4. What is y(v)?
1
Let b(t) = t - 134*t**2 + 5*t**3 + 7 + 140*t**2 - 4*t**3. Give b(-6).
1
Let b(r) = -7*r**2 - 11*r - 6. Let f(t) = -13*t**2 - 21*t - 12. Let u(j) = 11*b(j) - 6*f(j). Calculate u(-5).
6
Let x be 9 + -2 + 3 + -3. Let u(t) = t - 2. Determine u(x).
5
Let u = -9 - -9. Suppose c - 2 + u = 0. Let a(i) = i**2 + 2*i - 3. What is a(c)?
5
Let p be ((-4 - -4) + 1)/1. Let x(a) = 11*a**2 + a. Determine x(p).
12
Suppose 4*v - 4 = -v - 3*w, 0 = -3*v - 5*w - 4. Let d(z) = 2*z**3 - 2*z**2 + 2*z - 1. Determine d(v).
11
Let v(k) = -k**2 + 5*k + 6. Let m be v(6). Let n(a) = 5*a + 2 - 2*a - 2*a. Give n(m).
2
Let j(i) = i**3 + i**2 - i + 1. Let w(q) = -3*q**3 + 3*q**2. Let g(m) = j(m) + w(m). Calculate g(3).
-20
Let z(t) be the third derivative of t**5/60 - 5*t**4/24 + 5*t**3/6 + 7*t**2. Let a(m) = -m - 2. Let h be a(-7). Suppose -11 = -h*g + 9. Give z(g).
1
Let k be (0 + -9 + 4)*1. Let r(d) = 5*d + 0*d + d**2 + 2*d + 5. Calculate r(k).
-5
Let u(c) = 2*c**2 - 1. Suppose 5*j = -20, -2*r + 5*r - 4*j - 7 = 0. What is u(r)?
17
Let v be -5*(-6)/15 - -2. Let t(r) = -11*r - 3*r + v*r. Let c(y) = y - 4. Let f be c(3). Determine t(f).
10
Let i(v) = v**2 + 4*v - 2. Suppose -2*o + 7*o = 45. Suppose 0 = -3*u + 9 + o. Let b(z) = z**2 - 8*z + 7. Let j be b(u). Determine i(j).
3
Suppose -5*z + 48 = -4*w + 15, 3*z = 5*w + 25. Let t(y) = -3*y + 1 + 5*y - y - y**3 + 0 + z*y**2. Give t(5).
6
Suppose 14 = 4*f + 2. Let d(l) = 3*l**3 - 6*l + 3. Let u(c) = 5*c**3 + c**2 - 11*c + 5. Let b(r) = 7*d(r) - 4*u(r). What is b(f)?
-2
Let h = 9 + -5. Let i(l) = 8*l - h*l + 2*l - 8*l + 1. Suppose -u + 5*b = 16, 4*b = -u - 0*u + 20. What is i(u)?
-7
Let x(q) = -7*q - q**2 - 32 + 29 + 5*q. Give x(-3).
-6
Suppose 0 = -4*m + 9 - 5. Let f(r) = 1. Let o(n) = -2*n + 3. Let h(w) = m*o(w) - 4*f(w). What is h(5)?
-11
Let y(t) be the third derivative of t**6/120 - t**4/24 - t**3/3 + 8*t**2. Determine y(0).
-2
Suppose 2*y = -2*t + 2, 3*t + 7 = 2*y + 4*t. Let r(b) = b**2 - 5*b - 1. Let w(m) = -1. Let a(k) = -r(k) - 3*w(k). Give a(y).
-2
Let i be (-9)/(-6)*(-16)/(-6). Let q(u) = u + u**3 - i*u - 2*u**2 - 2*u**2 + 3. Give q(4).
-9
Suppose 2*w - 10 = -3*w. Suppose 4*p - 5*v - 13 = 0, -5 = -p + 2*v - 1. Let i(r) = r + p*r + r. Determine i(w).
8
Let v(l) be the first derivative of 13*l**2/2 + l - 18. Give v(1).
14
Suppose 4*v - v - 18 = 0. Let n(i) = i**2 - 8*i + 6. Give n(v).
-6
Let b(t) = -20*t + 39. Let o(h) = -7*h + 14. Let i(f) = 6*b(f) - 17*o(f). Suppose -m + 4*m - 12 = 0. Calculate i(m).
-8
Let t(z) be the first derivative of 2/3*z**3 - 1/6*z**4 - z**2 + 4 - 4*z - 1/20*z**5. Let d(b) be the first derivative of t(b). What is d(2)?
-10
Let w(y) be the first derivative of -7*y + 1/4*y**4 + 2 - 1/2*y**2 - 4/3*y**3. Calculate w(5).
13
Suppose 2*q - q - 13 = -3*d, 4*q = -8. Suppose f - 13 = 4*x, -d*x + 2*f - 7*f = 10. Let k(n) = -n - 4. What is k(x)?
-1
Let n(l) = -l**2 - l - 2. Let u(x) = -x - 2. Let i be u(-2). Give n(i).
-2
Let y(k) = 13*k**2 + k - 1. Let w be (-3 - (-40)/12)*3. Give y(w).
13
Let r be 4*-1 - 0/(-2). Let m(b) = b**3 + 3*b**2 - 5*b - 2. Let v be m(r). Let x(d) = 2*d**3 - 3*d**2 - d + 2. Determine x(v).
4
Suppose -28 = a + a. Let t be 20/70 + 74/a. Let l(u) be the first derivative of -u**2 + 2*u + 1. What is l(t)?
12
Let g(j) be the second derivative of j**6/720 - 7*j**5/120 - j**4/3 - 2*j. Let o(m) be the third derivative of g(m). Determine o(5).
-2
Let i(j) = j**3 + 5*j**2 - 10*j + 1. Let z be -1*(5 + -2) + (-8)/2. Determine i(z).
-27
Let o = -72 - -76. Let s(q) be the first derivative of -1/4*q**o + 1 - 2*q - 3/2*q**2 - 1/3*q**3. Determine s(-2).
8
Let s(d) = d**3 + 5*d**2. Let h(r) = r**3 + 5*r**2 + r + 1. Let v(b) = 4*h(b) - 3*s(b). Determine v(-4).
4
Let i(o) = -5*o - 11. Let y(h) = -2*h - 6. Let k(v) = -3*i(v) + 7*y(v). Give k(0).
-9
Let g(j) = -4*j + 3. Let n = 119 + -115. Determine g(n).
-13
Let a(c) = -2*c**3 + 5*c**2 + 3*c + 6. Suppose -2*j - 2 = -6. Let b(t) = -t**3 + 5*t**2 + 3*t + 6. Let r(m) = j*a(m) - 3*b(m). Calculate r(-5).
9
Let v(s) = -s**3 - 2*s**2 + 3*s + 1. Let u be v(-3). Let z(j) = 5*j. What is z(u)?
5
Let d(q) be the second derivative of q**6/720 - q**4/3 - 4*q. Let x(m) be the third derivative of d(m). Determine x(3).
3
Let p(z) be the second derivative of 1/12*z**4 + 0 + 5/2*z**2 - 11*z + 7/6*z**3. Let g be (5/4)/(1/(-4)). What is p(g)?
-5
Let u(z) = -z - 6. Let c(p) = 2*p**3 + p**2 + p. Let f be c(-1). Let t = 0 - f. Suppose 6*d = 3*d + t*o - 23, -4*o + 21 = -d. Calculate u(d).
-1
Let j(i) = -i**3 - 4*i**2 + 7*i + 4. Suppose 4*y = y + 75. Suppose 2*f + y = 3*p, -2*p - 13 = 4*f - 3. Give j(f).
-6
Let z(y) = y**3 + 5*y**2 - y + 4. Suppose l = -5*p - 30, 5 = 2*p - p - 2*l. Give z(p).
9
Let y = -30 - -26. Let q(h) = h**3 + 3*h**2 - 3*h + 3. Give q(y).
-1
Let o(g) = -2*g - 2. Let f(n) = n + 2. Let u(m) = -6*f(m) - 4*o(m). Let d = 38 + -22. Suppose 27 = 5*z + 4*w, 3*z + 4 = -w + d. Determine u(z).
2
Let f = 7 - 2. Let h(d) = -2*d**2 - f*d + 3*d + 0 - 3 - 3*d. Determine h(-3).
-6
Let u be (3/(-4))/((-2)/(-8)). Let m(l) = 5*l + 5*l + 8*l + 1 - 17*l. Give m(u).
-2
Let c(d) = d**3 - 4*d**2 + d + 2. Let b be 12/(-8)*2 - -10. Suppose -8*s + b*s + 4 = 0. Calculate c(s).
6
Let x(l) be the second derivative of -1/12*l**4 + 1/6*l**3 + 2*l - 1/20*l**5 + 0 + 2*l**2. What is x(0)?
4
Let m(r) be the second derivative of -r**2 + 8*r + 0 + 0*r**3 - 1/20*r**5 + 1/4*r**4. Give m(3).
-2
Suppose 2*w - y = 3*y + 44, -3*y = 3. Let q be w/6*(-6)/(-4). Let o(i) = -i**3 + 5*i**2 - i. What is o(q)?
-5
Suppose 3*u + 9 = 3*l, -4 - 12 = 4*u - 5*l. Let k(c) = c. Determine k(u).
1
Let m(l) = 4*l**2 + 1 - 3*l**2 + 0*l - 7*l. Let c be 6/3 - (-4)/1. Determine m(c).
-5
Let z(k) be the first derivative of -k**4/4 + 7*k**3/3 - 9*k**2/2 + 6*k + 27. Give z(6).
-12
Suppose 0 = z - 3*z + 4. Let v = -53 + 56. Let d(f) = 0*f**v + f**z + 5*f**2 + f**3 - 2*f**2. Give d(-4).
0
Let b(t) = 2*t + 4. Suppose 3*s - 14 = -32. What is b(s)?
-8
Let b(u) be the first derivative of -u**2 + 5*u - 1. Suppose 7*z - 4*z = 0. Let p = z + 5. What is b(p)?
-5
Let i(t) = -t**3 + 7*t**2 - 8*t + 6. Let j(c) = -c**2 + 5*c + 2. Let r be j(4). Determine i(r).
-6
Let i(c) = 6*c**2 + c + 1. Suppose 0 = 5*a - 0*a + 5. What is i(a)?
6
Let i(g) = 1 + 589*g**3 - 1 - 590*g**3 - 9*g + 8*g - g**2. Let l(a) = -a - 7. Let r be l(-6). Give i(r).
1
Suppose -6*t = -23 - 7. Let l(p) = p**3 - 6 + t*p - 2*p**3 + 2*p + 4*p**2. Determine l(5).
4
Let s be (-7 + 2/1)*-3. Suppose -v = 4*v - s. Let d(f) = -3*f**2 + v + f**2 + f - 6*f + f**3. Calculate d(3).
-3
Let y(s) = -s**2 + 4. Let i(w) = -2*w + 9. Let k be i(3). Give y(k).
-5
Let x(f) = 4*f**3 + 3*f - 5. Let v(i) = 5*i**3 - i**2 + 4*i - 6. Let r(m) = 3*v(m) - 4*x(m). Give r(-2).
-2
Let a(s) = 11*s**3 - 15*s**2 + 17*s + 17. Let f(t) = -4*t**3 + 5*t**2 - 6*t - 6. Let c(g) = -3*a(g) - 8*f(g). What is c(3)?
6
Suppose n + 0 = 2. Suppose z - n*z = 0. Let s(y) = y**2 + y + 4. Let b(f) = -2*f**2 - 2*f - 9. Let u(p) = 3*b(p) + 5*s(p). Determine u(z).
-7
Let c = -6 - -12. Let j = 10 - c. Let w(h) = -7 + 2 + 2 + j*h. Calculate w(2).
5
Let s(p) = -p - 4. Let h = -23 - -20. Determine s(h).
-1
Let h(n) = -n**3 - 7*n**2 - 5*n + 2. Let w be (-1 + -6 - -1)/1. Calculate h(w).
-4
Let v = -24 + 26. Let y(d) = -7*d + 1. Give y(v).
-13
Suppose -4*f - 25 = -1. Let k(j) = 3*j + 8 + j - 2*j. Give k(f).
-4
Let w(h) = h + 2. Let j be w(-4). Let c(k) = -k. Determine c(j).
2
Let x(g) = -9*g**3 + 4*g + 10*g**3 + 2 - 2*g**3. What is x(-3)?
17
Let c be ((-2)/(-6))/(1/(-9)). Let s be 2/2 + (c - 1). Let d(l) = -l**2 - 3*l + 1. What is d(s)?
1
Let t(r) = -2*r + 2. Let s be t(2). Let m be 160/12 - s/(-6). Let x = m + -8. Let k(y) = -y - 1. Determine k(x).
-6
Let s(o) = -o**2 + 9*o - 10. Suppose 0 = 6*h - 18*h + 84. Calculate s(h).
4
Let s(c) = 2*c - 17. Let y be s(7). Let j(v) = -v + 3. Give j(y).
6
Let g(w) = 0*w**2 + 2*w + 0*w**2 + w**2. Let v(m) be the third derivative of m**4/24 + m**3/2 - 3*m**2. Let q be v(-4). Calculate g(q).
-1
Let l be 0*2/8*-2. Let i(j) = 3*j**3 - 7*j**2 - 10*j - 5. Let s = -5 - -3. Let y(o) = -o**3 + 2*o**2 + 3*o + 2. Let q(p) = s*i(p) - 7*y(p). Give q(l).
-4
Let g(q) = 2*q**2 + 50 - 97 + 2*q + 45 + 2*q. Determine g(-5).
28
Let o(k) = 1. Let